{"id":49,"date":"2022-11-02T16:49:50","date_gmt":"2022-11-02T15:49:50","guid":{"rendered":"https:\/\/lencordee.fr\/?page_id=49"},"modified":"2026-03-20T12:21:05","modified_gmt":"2026-03-20T11:21:05","slug":"accueil","status":"publish","type":"page","link":"https:\/\/lencordee.fr\/","title":{"rendered":"Accueil"},"content":{"rendered":"\n<div class=\"wp-block-cover alignfull has-custom-content-position is-position-bottom-center\"><img loading=\"lazy\" decoding=\"async\" width=\"2560\" height=\"1964\" class=\"wp-block-cover__image-background wp-image-470\" alt=\"\" src=\"https:\/\/lencordee.fr\/wp-content\/uploads\/2024\/04\/Les-Baudrieres-Credit-_Metlili_.1-scaled.jpg\" style=\"object-position:56% 29%\" data-object-fit=\"cover\" data-object-position=\"56% 29%\" srcset=\"https:\/\/lencordee.fr\/wp-content\/uploads\/2024\/04\/Les-Baudrieres-Credit-_Metlili_.1-scaled.jpg 2560w, https:\/\/lencordee.fr\/wp-content\/uploads\/2024\/04\/Les-Baudrieres-Credit-_Metlili_.1-300x230.jpg 300w, https:\/\/lencordee.fr\/wp-content\/uploads\/2024\/04\/Les-Baudrieres-Credit-_Metlili_.1-1024x786.jpg 1024w, https:\/\/lencordee.fr\/wp-content\/uploads\/2024\/04\/Les-Baudrieres-Credit-_Metlili_.1-768x589.jpg 768w, https:\/\/lencordee.fr\/wp-content\/uploads\/2024\/04\/Les-Baudrieres-Credit-_Metlili_.1-1536x1178.jpg 1536w, https:\/\/lencordee.fr\/wp-content\/uploads\/2024\/04\/Les-Baudrieres-Credit-_Metlili_.1-2048x1571.jpg 2048w\" sizes=\"auto, (max-width: 2560px) 100vw, 2560px\" \/><span aria-hidden=\"true\" class=\"wp-block-cover__background has-neve-text-color-background-color has-background-dim-40 has-background-dim\"><\/span><div class=\"wp-block-cover__inner-container is-layout-flow wp-block-cover-is-layout-flow\">\n<h2 class=\"wp-block-heading has-text-align-center has-nv-light-bg-color has-text-color\" style=\"font-size:49px;font-style:normal;font-weight:800\"><strong>L&rsquo;ENCORD\u00c9E<br>collectif de cirque vertical<\/strong><\/h2>\n\n\n\n<p><\/p>\n<\/div><\/div>\n\n\n\n<p class=\"has-text-align-right has-small-font-size\">Cr\u00e9dit photo : Metlili vid\u00e9o<\/p>\n\n\n\n<div style=\"height:11px\" aria-hidden=\"true\" class=\"wp-block-spacer\"><\/div>\n\n\n\n<div class=\"wp-block-columns is-layout-flex wp-container-core-columns-is-layout-9d6595d7 wp-block-columns-is-layout-flex\">\n<div class=\"wp-block-column is-layout-flow wp-block-column-is-layout-flow\" style=\"flex-basis:100%\">\n<p class=\"has-text-align-center\"><\/p>\n\n\n\n<div class=\"wp-block-columns is-layout-flex wp-container-core-columns-is-layout-9d6595d7 wp-block-columns-is-layout-flex\">\n<div class=\"wp-block-column is-layout-flow wp-block-column-is-layout-flow\">\n<p class=\"has-text-align-center has-background\" style=\"background-color:#cfcbc999;font-style:normal;font-weight:400\"><strong><em>Bonjour et bienvenue en territoire Encord\u00e9e ! Ici, vous trouverez toutes les infos et les actualit\u00e9s de la compagnie, mais si vous souhaitez encore plus de contenu, vous pouvez aussi nous rejoindre sur nos r\u00e9seaux : <a href=\"https:\/\/www.facebook.com\/lencordee\/\" target=\"_blank\" rel=\"noreferrer noopener\">Facebook<\/a> &#8211; <a href=\"https:\/\/www.instagram.com\/l.encordee\/\" target=\"_blank\" rel=\"noreferrer noopener\">Instagram<\/a><\/em><\/strong><\/p>\n<\/div>\n<\/div>\n<\/div>\n<\/div>\n\n\n\n<p class=\"has-text-align-center\">L&rsquo;\u00e9t\u00e9 s&rsquo;est achev\u00e9, laissant derri\u00e8re nous <strong>une belle tourn\u00e9e du spectacle \u00ab\u00a0Les Baudri\u00e8res\u00a0\u00bb.<\/strong> Cet hiver on ressort nos stylos et nos laboratoires d&rsquo;impros pour <strong>\u00ab\u00a0Capt\u00e9\u00a0\u00bb, la nouvelle cr\u00e9ation que nous sommes entrain de vous concocter<\/strong>. On se retrouve \u00e0 l&rsquo;occasion d&rsquo;une sortie de r\u00e9sidence ou pour l&rsquo;une ou l&rsquo;autre des quelques repr\u00e9sentations des \u00ab\u00a0Baudri\u00e8res\u00a0\u00bb au mois de janvier et mars, avant la prochaine tourn\u00e9e estivale.<\/p>\n\n\n\n<div style=\"height:44px\" aria-hidden=\"true\" class=\"wp-block-spacer\"><\/div>\n\n\n<div class=\"wp-block-image\">\n<figure class=\"aligncenter size-large is-resized\"><img loading=\"lazy\" decoding=\"async\" width=\"1024\" height=\"629\" src=\"https:\/\/lencordee.fr\/wp-content\/uploads\/2026\/01\/Design-sans-titre-1024x629.png\" alt=\"\" class=\"wp-image-921\" style=\"aspect-ratio:1.6280030438091098;width:908px;height:auto\" srcset=\"https:\/\/lencordee.fr\/wp-content\/uploads\/2026\/01\/Design-sans-titre-1024x629.png 1024w, https:\/\/lencordee.fr\/wp-content\/uploads\/2026\/01\/Design-sans-titre-300x184.png 300w, https:\/\/lencordee.fr\/wp-content\/uploads\/2026\/01\/Design-sans-titre-768x471.png 768w, https:\/\/lencordee.fr\/wp-content\/uploads\/2026\/01\/Design-sans-titre-1536x943.png 1536w, https:\/\/lencordee.fr\/wp-content\/uploads\/2026\/01\/Design-sans-titre.png 2048w\" sizes=\"auto, (max-width: 1024px) 100vw, 1024px\" \/><\/figure>\n<\/div>\n\n\n<p class=\"has-text-align-right has-small-font-size\">Photo : Quentin Hubert<\/p>\n\n\n\n<div style=\"height:29px\" aria-hidden=\"true\" class=\"wp-block-spacer\"><\/div>\n\n\n\n<div class=\"wp-block-columns is-layout-flex wp-container-core-columns-is-layout-9d6595d7 wp-block-columns-is-layout-flex\">\n<div class=\"wp-block-column is-vertically-aligned-center is-layout-flow wp-block-column-is-layout-flow\">\n<p class=\"has-text-align-center\">On va pas vous mentir,&nbsp;<strong>on a presque eu un peu de mal \u00e0 dire au revoir \u00e0 2025<\/strong>. Cette ann\u00e9e \u00e9coul\u00e9e nous a submerg\u00e9es de<strong>&nbsp;joies, de passions, de rencontres et de fiert\u00e9.<\/strong>&nbsp;On a vibr\u00e9 fort face \u00e0 vos sourires, vos larmes et vos histoires, on s\u2019est nourries de paysages en mouvement et d\u2019\u00e9motions fortes. C\u2019est pass\u00e9 vite.&nbsp;<strong>On aurait bien profit\u00e9 encore un peu<\/strong>.<\/p>\n\n\n\n<p class=\"has-text-align-center\">Alors, c\u2019est ce qu\u2019on a envie de se souhaiter, de vous souhaiter, pour ce nouveau cycle.<strong>&nbsp;Laisser les aventures impr\u00e9gner nos corps, les images entrer dans nos t\u00eates, les jours fa\u00e7onner nos regards \u2026<\/strong><\/p>\n\n\n\n<p class=\"has-text-align-center\"><strong>L\u00c2CHER LA MONTRE ET SENTIR LE TEMPS<\/strong><\/p>\n\n\n\n<p class=\"has-text-align-center\">2026 sera sans doute encore une belle ann\u00e9e pour&nbsp;<strong>\u201cLes Baudri\u00e8res\u201d, pr\u00eates \u00e0 sillonner les routes le nez au vent et le coeur ouvert<\/strong><strong>,&nbsp;<\/strong>avec des premiers rendez-vous, d\u00e8s la fin janvier. Et puis, cette ann\u00e9e sera celle de l\u2019exploration et de la cr\u00e9ation puisque nous entrons s\u00e9rieusement dans le travail autour de&nbsp;<strong>notre prochain spectacle portant le nom de \u201cCapt\u00e9\u201d et dont la sortie est pr\u00e9vue pour le printemps 2027.<\/strong><\/p>\n\n\n\n<p class=\"has-text-align-center\">Bon voil\u00e0, on prend le temps, promis.<\/p>\n\n\n\n<p class=\"has-text-align-center\">Mais on a h\u00e2te de vous retrouver quand m\u00eame.<\/p>\n\n\n\n<p class=\"has-text-align-center\">Belle ann\u00e9e, profitez-en,&nbsp;<strong>profitez-an<\/strong>.<\/p>\n<\/div>\n<\/div>\n\n\n\n<p class=\"has-text-color has-link-color wp-elements-b4e888868e84550563edf71a8dba9a34\" style=\"color:#26252521\"><\/p>\n\n\n\n<div class=\"wp-block-buttons is-content-justification-center is-layout-flex wp-container-core-buttons-is-layout-16018d1d wp-block-buttons-is-layout-flex\">\n<div class=\"wp-block-button\"><a class=\"wp-block-button__link wp-element-button\" href=\"https:\/\/lencordee.fr\/?page_id=24\">Tout l&rsquo;Agenda &#8211; C&rsquo;est Par L\u00e0 !<\/a><\/div>\n<\/div>\n\n\n\n<p class=\"has-text-align-center has-medium-font-size\"><\/p>\n\n\n\n<p class=\"has-text-align-center has-medium-font-size\">Nos Partenaires Encord\u00e9.es :<\/p>\n\n\n<p style=\"text-align: center;\">\u00a0 \u00a0 \u00a0 <img loading=\"lazy\" decoding=\"async\" class=\"alignnone  wp-image-505\" src=\"https:\/\/lencordee.fr\/wp-content\/uploads\/2024\/04\/Logo-carre-2-300x164.jpeg\" alt=\"\" width=\"216\" height=\"118\" srcset=\"https:\/\/lencordee.fr\/wp-content\/uploads\/2024\/04\/Logo-carre-2-300x164.jpeg 300w, https:\/\/lencordee.fr\/wp-content\/uploads\/2024\/04\/Logo-carre-2.jpeg 600w\" sizes=\"auto, (max-width: 216px) 100vw, 216px\" \/>\u00a0<img loading=\"lazy\" decoding=\"async\" class=\"alignnone  wp-image-509\" src=\"https:\/\/lencordee.fr\/wp-content\/uploads\/2024\/04\/Design-sans-titre-300x300.png\" alt=\"\" width=\"126\" height=\"126\" srcset=\"https:\/\/lencordee.fr\/wp-content\/uploads\/2024\/04\/Design-sans-titre-300x300.png 300w, https:\/\/lencordee.fr\/wp-content\/uploads\/2024\/04\/Design-sans-titre-150x150.png 150w, https:\/\/lencordee.fr\/wp-content\/uploads\/2024\/04\/Design-sans-titre.png 500w\" sizes=\"auto, (max-width: 126px) 100vw, 126px\" \/><img loading=\"lazy\" decoding=\"async\" class=\"alignnone  wp-image-843\" src=\"https:\/\/lencordee.fr\/wp-content\/uploads\/2025\/10\/logo-epj-230.png\" alt=\"\" width=\"96\" height=\"95\" srcset=\"https:\/\/lencordee.fr\/wp-content\/uploads\/2025\/10\/logo-epj-230.png 230w, https:\/\/lencordee.fr\/wp-content\/uploads\/2025\/10\/logo-epj-230-150x150.png 150w\" sizes=\"auto, (max-width: 96px) 100vw, 96px\" \/><img loading=\"lazy\" decoding=\"async\" class=\"alignnone  wp-image-813\" src=\"https:\/\/lencordee.fr\/wp-content\/uploads\/2025\/07\/LOGO_REGION_CMJN-LOGO_BLEU-GRIS-300x69.jpg\" alt=\"\" width=\"230\" height=\"53\" srcset=\"https:\/\/lencordee.fr\/wp-content\/uploads\/2025\/07\/LOGO_REGION_CMJN-LOGO_BLEU-GRIS-300x69.jpg 300w, https:\/\/lencordee.fr\/wp-content\/uploads\/2025\/07\/LOGO_REGION_CMJN-LOGO_BLEU-GRIS-1024x236.jpg 1024w, https:\/\/lencordee.fr\/wp-content\/uploads\/2025\/07\/LOGO_REGION_CMJN-LOGO_BLEU-GRIS-768x177.jpg 768w, https:\/\/lencordee.fr\/wp-content\/uploads\/2025\/07\/LOGO_REGION_CMJN-LOGO_BLEU-GRIS.jpg 1313w\" sizes=\"auto, (max-width: 230px) 100vw, 230px\" \/>\u00a0 \u00a0<img loading=\"lazy\" decoding=\"async\" class=\"alignnone  wp-image-510\" src=\"https:\/\/lencordee.fr\/wp-content\/uploads\/2024\/04\/1043px-Logo_Departement_Savoie.svg_-1-300x259.png\" alt=\"\" width=\"105\" height=\"91\" srcset=\"https:\/\/lencordee.fr\/wp-content\/uploads\/2024\/04\/1043px-Logo_Departement_Savoie.svg_-1-300x259.png 300w, https:\/\/lencordee.fr\/wp-content\/uploads\/2024\/04\/1043px-Logo_Departement_Savoie.svg_-1-1024x884.png 1024w, https:\/\/lencordee.fr\/wp-content\/uploads\/2024\/04\/1043px-Logo_Departement_Savoie.svg_-1-768x663.png 768w, https:\/\/lencordee.fr\/wp-content\/uploads\/2024\/04\/1043px-Logo_Departement_Savoie.svg_-1.png 1043w\" sizes=\"auto, (max-width: 105px) 100vw, 105px\" \/>\u00a0 \u00a0 \u00a0<img loading=\"lazy\" decoding=\"async\" class=\"alignnone  wp-image-507\" src=\"https:\/\/lencordee.fr\/wp-content\/uploads\/2024\/04\/Design-sans-titre-1-e1714468306641-300x144.png\" alt=\"\" width=\"150\" height=\"72\" srcset=\"https:\/\/lencordee.fr\/wp-content\/uploads\/2024\/04\/Design-sans-titre-1-e1714468306641-300x144.png 300w, https:\/\/lencordee.fr\/wp-content\/uploads\/2024\/04\/Design-sans-titre-1-e1714468306641.png 500w\" sizes=\"auto, (max-width: 150px) 100vw, 150px\" \/> \u00a0<img loading=\"lazy\" decoding=\"async\" class=\"alignnone  wp-image-500\" src=\"https:\/\/lencordee.fr\/wp-content\/uploads\/2024\/04\/Logo-Ville-de-Chambery-Partenaire-Rouge-1-e1714468280245-227x300.png\" alt=\"\" width=\"75\" height=\"99\" srcset=\"https:\/\/lencordee.fr\/wp-content\/uploads\/2024\/04\/Logo-Ville-de-Chambery-Partenaire-Rouge-1-e1714468280245-227x300.png 227w, https:\/\/lencordee.fr\/wp-content\/uploads\/2024\/04\/Logo-Ville-de-Chambery-Partenaire-Rouge-1-e1714468280245.png 276w\" sizes=\"auto, (max-width: 75px) 100vw, 75px\" \/> <img loading=\"lazy\" decoding=\"async\" class=\"alignnone  wp-image-762\" src=\"https:\/\/lencordee.fr\/wp-content\/uploads\/2025\/06\/626-logo-latitude-50-2792876583-300x71.png\" alt=\"\" width=\"194\" height=\"46\" srcset=\"https:\/\/lencordee.fr\/wp-content\/uploads\/2025\/06\/626-logo-latitude-50-2792876583-300x71.png 300w, https:\/\/lencordee.fr\/wp-content\/uploads\/2025\/06\/626-logo-latitude-50-2792876583-1024x242.png 1024w, https:\/\/lencordee.fr\/wp-content\/uploads\/2025\/06\/626-logo-latitude-50-2792876583-768x181.png 768w, https:\/\/lencordee.fr\/wp-content\/uploads\/2025\/06\/626-logo-latitude-50-2792876583-1536x362.png 1536w, https:\/\/lencordee.fr\/wp-content\/uploads\/2025\/06\/626-logo-latitude-50-2792876583-2048x483.png 2048w\" sizes=\"auto, (max-width: 194px) 100vw, 194px\" \/> <img loading=\"lazy\" decoding=\"async\" class=\"alignnone  wp-image-503\" src=\"https:\/\/lencordee.fr\/wp-content\/uploads\/2024\/04\/Design-sans-titre-3-e1714468376504-300x89.png\" alt=\"\" width=\"216\" height=\"64\" srcset=\"https:\/\/lencordee.fr\/wp-content\/uploads\/2024\/04\/Design-sans-titre-3-e1714468376504-300x89.png 300w, https:\/\/lencordee.fr\/wp-content\/uploads\/2024\/04\/Design-sans-titre-3-e1714468376504.png 500w\" sizes=\"auto, (max-width: 216px) 100vw, 216px\" \/>\u00a0 \u00a0 <img loading=\"lazy\" decoding=\"async\" class=\"alignnone  wp-image-524\" src=\"https:\/\/lencordee.fr\/wp-content\/uploads\/2024\/05\/image001-1.jpg\" alt=\"\" width=\"107\" height=\"88\" \/> <img loading=\"lazy\" decoding=\"async\" class=\"alignnone  wp-image-506\" src=\"https:\/\/lencordee.fr\/wp-content\/uploads\/2024\/04\/Design-sans-titre-2-300x300.png\" alt=\"\" width=\"96\" height=\"96\" srcset=\"https:\/\/lencordee.fr\/wp-content\/uploads\/2024\/04\/Design-sans-titre-2-300x300.png 300w, https:\/\/lencordee.fr\/wp-content\/uploads\/2024\/04\/Design-sans-titre-2-150x150.png 150w, https:\/\/lencordee.fr\/wp-content\/uploads\/2024\/04\/Design-sans-titre-2.png 500w\" sizes=\"auto, (max-width: 96px) 100vw, 96px\" \/>\u00a0 <img loading=\"lazy\" decoding=\"async\" class=\"alignnone  wp-image-849\" src=\"https:\/\/lencordee.fr\/wp-content\/uploads\/2025\/10\/LOGO_L_ILYADE-300x81.png\" alt=\"\" width=\"174\" height=\"47\" srcset=\"https:\/\/lencordee.fr\/wp-content\/uploads\/2025\/10\/LOGO_L_ILYADE-300x81.png 300w, https:\/\/lencordee.fr\/wp-content\/uploads\/2025\/10\/LOGO_L_ILYADE.png 681w\" sizes=\"auto, (max-width: 174px) 100vw, 174px\" \/> \u00a0<img loading=\"lazy\" decoding=\"async\" class=\"alignnone  wp-image-761\" src=\"https:\/\/lencordee.fr\/wp-content\/uploads\/2025\/06\/logoDometheatreAlbertville-300x204.png\" alt=\"\" width=\"139\" height=\"95\" srcset=\"https:\/\/lencordee.fr\/wp-content\/uploads\/2025\/06\/logoDometheatreAlbertville-300x204.png 300w, https:\/\/lencordee.fr\/wp-content\/uploads\/2025\/06\/logoDometheatreAlbertville.png 424w\" sizes=\"auto, (max-width: 139px) 100vw, 139px\" \/>\u00a0<img loading=\"lazy\" decoding=\"async\" class=\"alignnone  wp-image-508\" src=\"https:\/\/lencordee.fr\/wp-content\/uploads\/2024\/04\/Logo-AEC-Noir-PNG-233x300.png\" alt=\"\" width=\"86\" height=\"110\" srcset=\"https:\/\/lencordee.fr\/wp-content\/uploads\/2024\/04\/Logo-AEC-Noir-PNG-233x300.png 233w, https:\/\/lencordee.fr\/wp-content\/uploads\/2024\/04\/Logo-AEC-Noir-PNG-768x990.png 768w, https:\/\/lencordee.fr\/wp-content\/uploads\/2024\/04\/Logo-AEC-Noir-PNG.png 779w\" sizes=\"auto, (max-width: 86px) 100vw, 86px\" \/>. \u00a0 \u00a0<img loading=\"lazy\" decoding=\"async\" class=\"alignnone wp-image-499\" src=\"https:\/\/lencordee.fr\/wp-content\/uploads\/2024\/04\/Logo-PistedAzur_2023-SITE_WEB_ACCUEIL_SAISON20-300x103.png\" alt=\"\" width=\"253\" height=\"87\" srcset=\"https:\/\/lencordee.fr\/wp-content\/uploads\/2024\/04\/Logo-PistedAzur_2023-SITE_WEB_ACCUEIL_SAISON20-300x103.png 300w, https:\/\/lencordee.fr\/wp-content\/uploads\/2024\/04\/Logo-PistedAzur_2023-SITE_WEB_ACCUEIL_SAISON20.png 731w\" sizes=\"auto, (max-width: 253px) 100vw, 253px\" \/>\u00a0 \u00a0 <img loading=\"lazy\" decoding=\"async\" class=\"alignnone  wp-image-501\" src=\"https:\/\/lencordee.fr\/wp-content\/uploads\/2024\/04\/LOGO-LA-BERLINE-RVB-oct-2020-300x257-1.png\" alt=\"\" width=\"122\" height=\"104\" \/>\u00a0 \u00a0 <img loading=\"lazy\" decoding=\"async\" class=\"alignnone  wp-image-504\" src=\"https:\/\/lencordee.fr\/wp-content\/uploads\/2024\/04\/logo_loly-300x219.jpeg\" alt=\"\" width=\"134\" height=\"98\" srcset=\"https:\/\/lencordee.fr\/wp-content\/uploads\/2024\/04\/logo_loly-300x219.jpeg 300w, https:\/\/lencordee.fr\/wp-content\/uploads\/2024\/04\/logo_loly.jpeg 600w\" sizes=\"auto, (max-width: 134px) 100vw, 134px\" \/> <img loading=\"lazy\" decoding=\"async\" class=\"alignnone  wp-image-877\" src=\"https:\/\/lencordee.fr\/wp-content\/uploads\/2025\/10\/Macaron-CirqAura-1-300x300.png\" alt=\"\" width=\"106\" height=\"106\" srcset=\"https:\/\/lencordee.fr\/wp-content\/uploads\/2025\/10\/Macaron-CirqAura-1-300x300.png 300w, https:\/\/lencordee.fr\/wp-content\/uploads\/2025\/10\/Macaron-CirqAura-1-150x150.png 150w, https:\/\/lencordee.fr\/wp-content\/uploads\/2025\/10\/Macaron-CirqAura-1-768x768.png 768w, https:\/\/lencordee.fr\/wp-content\/uploads\/2025\/10\/Macaron-CirqAura-1.png 956w\" sizes=\"auto, (max-width: 106px) 100vw, 106px\" \/>\u00a0 <img loading=\"lazy\" decoding=\"async\" class=\"alignnone  wp-image-929\" src=\"https:\/\/lencordee.fr\/wp-content\/uploads\/2026\/01\/image-e1769188906957-300x290.webp\" alt=\"\" width=\"96\" height=\"93\" srcset=\"https:\/\/lencordee.fr\/wp-content\/uploads\/2026\/01\/image-e1769188906957-300x290.webp 300w, https:\/\/lencordee.fr\/wp-content\/uploads\/2026\/01\/image-e1769188906957-768x742.webp 768w, https:\/\/lencordee.fr\/wp-content\/uploads\/2026\/01\/image-e1769188906957.webp 773w\" sizes=\"auto, (max-width: 96px) 100vw, 96px\" \/> <img loading=\"lazy\" decoding=\"async\" class=\"alignnone  wp-image-946\" src=\"https:\/\/lencordee.fr\/wp-content\/uploads\/2026\/03\/logo-csc-parmelan.gif\" alt=\"\" width=\"224\" height=\"59\" \/><\/p>\n\n\n<div style=\"height:70px\" aria-hidden=\"true\" class=\"wp-block-spacer\"><\/div>\n","protected":false},"excerpt":{"rendered":"<p>Cr\u00e9dit photo : Metlili vid\u00e9o Bonjour et bienvenue en territoire Encord\u00e9e ! Ici, vous trouverez toutes les infos et les actualit\u00e9s de la compagnie, mais si vous souhaitez encore plus de contenu, vous pouvez aussi nous rejoindre sur nos r\u00e9seaux : Facebook &#8211; Instagram L&rsquo;\u00e9t\u00e9 s&rsquo;est achev\u00e9, laissant derri\u00e8re nous une belle tourn\u00e9e du spectacle&hellip;&nbsp;<a href=\"https:\/\/lencordee.fr\/\" rel=\"bookmark\">Lire la suite &raquo;<span class=\"screen-reader-text\">Accueil<\/span><\/a><\/p>\n","protected":false},"author":1,"featured_media":0,"parent":0,"menu_order":0,"comment_status":"closed","ping_status":"closed","template":"","meta":{"neve_meta_sidebar":"","neve_meta_container":"","neve_meta_enable_content_width":"","neve_meta_content_width":0,"neve_meta_title_alignment":"","neve_meta_author_avatar":"","neve_post_elements_order":"","neve_meta_disable_header":"","neve_meta_disable_footer":"","neve_meta_disable_title":"","footnotes":""},"class_list":["post-49","page","type-page","status-publish","hentry"],"_links":{"self":[{"href":"https:\/\/lencordee.fr\/index.php?rest_route=\/wp\/v2\/pages\/49","targetHints":{"allow":["GET"]}}],"collection":[{"href":"https:\/\/lencordee.fr\/index.php?rest_route=\/wp\/v2\/pages"}],"about":[{"href":"https:\/\/lencordee.fr\/index.php?rest_route=\/wp\/v2\/types\/page"}],"author":[{"embeddable":true,"href":"https:\/\/lencordee.fr\/index.php?rest_route=\/wp\/v2\/users\/1"}],"replies":[{"embeddable":true,"href":"https:\/\/lencordee.fr\/index.php?rest_route=%2Fwp%2Fv2%2Fcomments&post=49"}],"version-history":[{"count":113,"href":"https:\/\/lencordee.fr\/index.php?rest_route=\/wp\/v2\/pages\/49\/revisions"}],"predecessor-version":[{"id":949,"href":"https:\/\/lencordee.fr\/index.php?rest_route=\/wp\/v2\/pages\/49\/revisions\/949"}],"wp:attachment":[{"href":"https:\/\/lencordee.fr\/index.php?rest_route=%2Fwp%2Fv2%2Fmedia&parent=49"}],"curies":[{"name":"wp","href":"https:\/\/api.w.org\/{rel}","templated":true}]}}