{"id":2,"date":"2022-11-01T16:25:23","date_gmt":"2022-11-01T15:25:23","guid":{"rendered":"http:\/\/lencordee.fr\/?page_id=2"},"modified":"2025-02-12T14:04:57","modified_gmt":"2025-02-12T13:04:57","slug":"page-d-exemple","status":"publish","type":"page","link":"https:\/\/lencordee.fr\/?page_id=2","title":{"rendered":"La compagnie"},"content":{"rendered":"\n<p><\/p>\n\n\n\n<div class=\"wp-block-cover alignfull is-light\"><span aria-hidden=\"true\" class=\"wp-block-cover__background has-background-dim\"><\/span><img loading=\"lazy\" decoding=\"async\" width=\"1024\" height=\"576\" class=\"wp-block-cover__image-background wp-image-57\" alt=\"\" src=\"https:\/\/lencordee.fr\/wp-content\/uploads\/2022\/11\/CVisiteEncordee3-1-1024x576.jpeg\" data-object-fit=\"cover\" srcset=\"https:\/\/lencordee.fr\/wp-content\/uploads\/2022\/11\/CVisiteEncordee3-1-1024x576.jpeg 1024w, https:\/\/lencordee.fr\/wp-content\/uploads\/2022\/11\/CVisiteEncordee3-1-300x169.jpeg 300w, https:\/\/lencordee.fr\/wp-content\/uploads\/2022\/11\/CVisiteEncordee3-1-768x432.jpeg 768w, https:\/\/lencordee.fr\/wp-content\/uploads\/2022\/11\/CVisiteEncordee3-1-1536x864.jpeg 1536w, https:\/\/lencordee.fr\/wp-content\/uploads\/2022\/11\/CVisiteEncordee3-1-2048x1152.jpeg 2048w\" sizes=\"auto, (max-width: 1024px) 100vw, 1024px\" \/><div class=\"wp-block-cover__inner-container is-layout-flow wp-block-cover-is-layout-flow\">\n<h2 class=\"wp-block-heading has-text-align-center has-nv-site-bg-color has-text-color\" style=\"font-size:50px\"><strong>La Compagnie<\/strong><\/h2>\n\n\n\n<p><\/p>\n<\/div><\/div>\n\n\n\n<div class=\"wp-block-columns is-layout-flex wp-container-core-columns-is-layout-9d6595d7 wp-block-columns-is-layout-flex\">\n<div class=\"wp-block-column is-layout-flow wp-block-column-is-layout-flow\" style=\"flex-basis:100%\">\n<p class=\"has-medium-font-size\"><br><br>L\u2019\u00e9vidence. Vous connaissez cette sensation ? Tu parcours, tu d\u00e9couvres, tu fabriques pendant des ann\u00e9es durant, tu parles un langage qui n\u2019est plus qu\u2019\u00e0 toi, tu es fascin\u00e9 par tout ce que tu as trouv\u00e9 mais tu ne sais plus comment le partager. Et voil\u00e0 que tu rencontres l\u2019\u00e9vidence. Des \u00eatres qui ont arpent\u00e9 un chemin dr\u00f4lement similaire au tien. Iels s\u2019expriment d\u2019une mani\u00e8re que tu comprends, iels te fascinent. Ensemble, vous dialoguez, vous inventez, \u00e7a semble intarissable. \u00c7a semble si simple. Si \u00e9vident. Alors tu t\u2019accroches, tu tiens, tu fais un bon n\u0153ud et tu tiens. Tu t\u2019encordes \u00e0 ces \u00eatres qui te font tenir. Et tu chemines avec elleux.<br><br>L\u2019Encord\u00e9e, c\u2019est ce genre d\u2019\u00e9vidence. N\u00e9e de la rencontre de trois cordelistes, Justine Delolme, Lucie Muller et Tha\u00efs Barathieu, ce collectif est avant tout une v\u00e9ritable collaboration humaine. Avec pour ligne artistique un agr\u00e8s unique, la corde lisse, L\u2019Encord\u00e9e propose une approche \u00e0 la fois sensible et sauvage d\u2019un art de la sc\u00e8ne et du mouvement qui \u00e9volue au fil des explorations de ses artistes. Souvent vertical, parfois radical et toujours un peu bancal, le cirque encord\u00e9 se veut g\u00e9n\u00e9reux, interrogateur et proche de ses spectateurs.<\/p>\n<\/div>\n<\/div>\n\n\n\n<div class=\"wp-block-columns is-layout-flex wp-container-core-columns-is-layout-9d6595d7 wp-block-columns-is-layout-flex\">\n<div class=\"wp-block-column is-vertically-aligned-top is-layout-flow wp-block-column-is-layout-flow\" style=\"flex-basis:33.33%\">\n<p>   <\/p>\n\n\n\n<p>    <br>  <\/p>\n\n\n\n<figure class=\"wp-block-image size-large\"><img loading=\"lazy\" decoding=\"async\" width=\"1024\" height=\"852\" src=\"https:\/\/lencordee.fr\/wp-content\/uploads\/2025\/02\/Portrait-Tatou-Credit-Pierre-Pabion-1-1024x852.jpg\" alt=\"\" class=\"wp-image-697\" srcset=\"https:\/\/lencordee.fr\/wp-content\/uploads\/2025\/02\/Portrait-Tatou-Credit-Pierre-Pabion-1-1024x852.jpg 1024w, https:\/\/lencordee.fr\/wp-content\/uploads\/2025\/02\/Portrait-Tatou-Credit-Pierre-Pabion-1-300x250.jpg 300w, https:\/\/lencordee.fr\/wp-content\/uploads\/2025\/02\/Portrait-Tatou-Credit-Pierre-Pabion-1-768x639.jpg 768w, https:\/\/lencordee.fr\/wp-content\/uploads\/2025\/02\/Portrait-Tatou-Credit-Pierre-Pabion-1-1536x1278.jpg 1536w, https:\/\/lencordee.fr\/wp-content\/uploads\/2025\/02\/Portrait-Tatou-Credit-Pierre-Pabion-1-2048x1704.jpg 2048w\" sizes=\"auto, (max-width: 1024px) 100vw, 1024px\" \/><\/figure>\n<\/div>\n\n\n\n<div class=\"wp-block-column is-layout-flow wp-block-column-is-layout-flow\" style=\"flex-basis:66.66%\">\n<h2 class=\"wp-block-heading\">Tha\u00efs BARATHIEU<\/h2>\n\n\n\n<p class=\"has-small-font-size\">Elle commence sa carri\u00e8re d\u2019a\u00e9rienne \u00e0 l\u2019\u00e2ge de 6 ans. Alors sp\u00e9cialiste dans l\u2019ascension d\u2019arbres et la balan\u00e7oire, elle choisit de se diriger vers une \u00e9cole de cirque grenobloise, Vit\u2019anim. C\u2019est l\u00e0 qu\u2019elle commence sa formation professionnelle aux arts du cirque qu\u2019elle poursuivra ensuite \u00e0 Piste d\u2019Azur, comme Lucie ! <br>Amoureuse de la corde lisse depuis son adolescence, elle choisit d\u2019explorer cet agr\u00e8s sous toutes ses facettes jusqu\u2019\u00e0 en faire une v\u00e9ritable partenaire de jeu.<br>Gr\u00e2ce \u00e0 sa rencontre avec Lucie et Justine, elle devient, elle aussi, co-fondatrice de l\u2019Encord\u00e9e, un projet riche en cordes et en partage, tout ce qui la fait vibrer ! <br><br>Tha\u00efs a, au cours de son parcours, eu l\u2019opportunit\u00e9 de mener plusieurs projets de cr\u00e9ation : avec La Troupe au Carr\u00e9 pour \u201cBouillon Cubes\u201d, avec La cie La T\u00eate sur les \u00c9toiles pour \u201cSur les Routes du Tzirkistan\u201d et \u201cIso 360\u201d (en cr\u00e9ation) ou encore en solo, avec le soutien de L\u2019Encord\u00e9e pour \u201cSoline\u201d. Enfin, elle a \u00e9galement rejoint quelques projets en tant qu\u2019interpr\u00e8te notamment pour \u201cParall\u00e8le 26\u201d des cies Archaos et Sylvie Guillermin et pour \u201cPha\u00e9ton\u201d (cr\u00e9ation de l\u2019Op\u00e9ra de Nice et La cie Humaine).<\/p>\n<\/div>\n<\/div>\n\n\n\n<div class=\"wp-block-columns is-layout-flex wp-container-core-columns-is-layout-9d6595d7 wp-block-columns-is-layout-flex\">\n<div class=\"wp-block-column is-vertically-aligned-top is-layout-flow wp-block-column-is-layout-flow\" style=\"flex-basis:66.66%\">\n<h2 class=\"wp-block-heading\">Justine DELOLME<\/h2>\n\n\n\n<p class=\"has-small-font-size\">Dipl\u00f4m\u00e9e d\u2019un Master en M\u00e9diation Culturelle et Communication Internationale, Justine a d\u00e9velopp\u00e9 sa pratique du cirque au fil de ses voyages et de ses rencontres. Depuis son premier vol, la corde lisse est une \u00e9vidence. Apr\u00e8s un apprentissage autodidacte, elle rentre en 2016, en formation professionnelle \u00e0 l\u2019Ecole Fundazione Cirko Vertigo (Italie) o\u00f9 elle d\u00e9veloppe le travail technique en a\u00e9rien. De l\u00e0, elle invente une discipline qui devient sienne: le Tricorde.<\/p>\n\n\n\n<p class=\"has-small-font-size\">Elle se passionne aussi pour le main \u00e0 main et les \u00e9quilibres et elle participe \u00e0 des projets de cr\u00e9ation (solo, duo, collectif). Toutes ses recherches lui ouvrent en 2019, les portes de la formation d\u2019Artiste de Cirque et du Mouvement \u00e0 Arc en Cirque &#8211; Centre R\u00e9gional des Arts du Cirque de Chamb\u00e9ry. D\u00e9sirant que l\u2019agr\u00e8s soit un r\u00e9el outil d&rsquo;expression et de narration, elle travaille autour du mouvement et du jeu, du sol \u00e0 la corde pour d\u00e9velopper un langage singulier. Ce parcours de 3 ans sera berc\u00e9 par la cr\u00e9ation en cours de \u00ab Encore un petit Caf\u00e9 ?! \u00bb.<\/p>\n\n\n\n<p class=\"has-small-font-size\">En 2022 elle est cofondatrice de la Cie L&rsquo;Encord\u00e9e, cirque a\u00e9rien, avec leur premi\u00e8re cr\u00e9ation (en cours) \u201c Les Baudri\u00e8res\u201d. En parall\u00e8le, elle travaille un projet en main \u00e0 main, le duo JujO.<\/p>\n<\/div>\n\n\n\n<div class=\"wp-block-column is-layout-flow wp-block-column-is-layout-flow\" style=\"flex-basis:33.33%\">\n<figure class=\"wp-block-image size-large is-resized\"><img loading=\"lazy\" decoding=\"async\" width=\"683\" height=\"1024\" src=\"https:\/\/lencordee.fr\/wp-content\/uploads\/2025\/02\/portrait-justine-2-683x1024.jpg\" alt=\"\" class=\"wp-image-690\" style=\"aspect-ratio:0.7513812154696132;width:285px;height:auto\" srcset=\"https:\/\/lencordee.fr\/wp-content\/uploads\/2025\/02\/portrait-justine-2-683x1024.jpg 683w, https:\/\/lencordee.fr\/wp-content\/uploads\/2025\/02\/portrait-justine-2-200x300.jpg 200w, https:\/\/lencordee.fr\/wp-content\/uploads\/2025\/02\/portrait-justine-2-768x1152.jpg 768w, https:\/\/lencordee.fr\/wp-content\/uploads\/2025\/02\/portrait-justine-2-1024x1536.jpg 1024w, https:\/\/lencordee.fr\/wp-content\/uploads\/2025\/02\/portrait-justine-2-1365x2048.jpg 1365w, https:\/\/lencordee.fr\/wp-content\/uploads\/2025\/02\/portrait-justine-2-scaled.jpg 1707w\" sizes=\"auto, (max-width: 683px) 100vw, 683px\" \/><\/figure>\n<\/div>\n<\/div>\n\n\n\n<div class=\"wp-block-columns is-layout-flex wp-container-core-columns-is-layout-9d6595d7 wp-block-columns-is-layout-flex\">\n<div class=\"wp-block-column is-layout-flow wp-block-column-is-layout-flow\" style=\"flex-basis:33.33%\">\n<figure class=\"wp-block-image size-large is-resized\"><img loading=\"lazy\" decoding=\"async\" width=\"976\" height=\"1024\" src=\"https:\/\/lencordee.fr\/wp-content\/uploads\/2025\/02\/portrait-Lu-encordee-Web-4350-1-976x1024.jpg\" alt=\"\" class=\"wp-image-701\" style=\"width:317px;height:auto\" srcset=\"https:\/\/lencordee.fr\/wp-content\/uploads\/2025\/02\/portrait-Lu-encordee-Web-4350-1-976x1024.jpg 976w, https:\/\/lencordee.fr\/wp-content\/uploads\/2025\/02\/portrait-Lu-encordee-Web-4350-1-286x300.jpg 286w, https:\/\/lencordee.fr\/wp-content\/uploads\/2025\/02\/portrait-Lu-encordee-Web-4350-1-768x806.jpg 768w, https:\/\/lencordee.fr\/wp-content\/uploads\/2025\/02\/portrait-Lu-encordee-Web-4350-1-1464x1536.jpg 1464w, https:\/\/lencordee.fr\/wp-content\/uploads\/2025\/02\/portrait-Lu-encordee-Web-4350-1-1952x2048.jpg 1952w\" sizes=\"auto, (max-width: 976px) 100vw, 976px\" \/><\/figure>\n<\/div>\n\n\n\n<div class=\"wp-block-column is-layout-flow wp-block-column-is-layout-flow\" style=\"flex-basis:66.66%\">\n<h2 class=\"wp-block-heading\">Lucie MULLER<\/h2>\n\n\n\n<p class=\"has-small-font-size\">Lucie est acrobate a\u00e9rienne et membre co-fondatrice de l\u2019Encord\u00e9e. Elle s\u2019est form\u00e9e \u00e0 l\u2019\u00e9cole de cirque d\u2019Al\u00e8s (Le Salto) puis \u00e0 Piste d\u2019Azur, centre r\u00e9gional des arts du cirque PACA, avec pour sp\u00e9cialit\u00e9 la corde lisse. Elle a un go\u00fbt particulier pour la recherche en suspension sur des mati\u00e8res \u00e0 priori inappropri\u00e9es.&nbsp;<\/p>\n\n\n\n<p class=\"has-small-font-size\">Avec l\u2019Encord\u00e9e, elle d\u00e9guste aux c\u00f4t\u00e9s de ses paires cordelistes la connivence du travail de cr\u00e9ation autour d\u2019une discipline commune. On la retrouve aussi, avec la compagnie Les Filantes, dans des spectacles pluridisciplinaires, <em>Chiffons<\/em>, et son solo <em>Ici commcence la mer <\/em>, dans le spectacle <em>Salet\u00e9(s)<\/em> de la cie L\u2019Attraction et avec la cie A\u00e9rosculpture.<br>Lucie a aussi \u00e9t\u00e9 interpr\u00e8te dans diff\u00e9rents spectacles : <em>Parall\u00e8le 26<\/em> de la cie Archaos et Sylvie Guillermin, <em>La petite fille sans nom<\/em> de la cie Fr\u00eane en Ciel et le Duo Cido.<\/p>\n\n\n\n<p class=\"has-small-font-size\"><\/p>\n<\/div>\n<\/div>\n","protected":false},"excerpt":{"rendered":"<p>L\u2019\u00e9vidence. Vous connaissez cette sensation ? Tu parcours, tu d\u00e9couvres, tu fabriques pendant des ann\u00e9es durant, tu parles un langage qui n\u2019est plus qu\u2019\u00e0 toi, tu es fascin\u00e9 par tout ce que tu as trouv\u00e9 mais tu ne sais plus comment le partager. Et voil\u00e0 que tu rencontres l\u2019\u00e9vidence. Des \u00eatres qui ont arpent\u00e9 un&hellip;&nbsp;<a href=\"https:\/\/lencordee.fr\/?page_id=2\" rel=\"bookmark\">Lire la suite &raquo;<span class=\"screen-reader-text\">La compagnie<\/span><\/a><\/p>\n","protected":false},"author":1,"featured_media":0,"parent":0,"menu_order":0,"comment_status":"closed","ping_status":"closed","template":"","meta":{"neve_meta_sidebar":"","neve_meta_container":"","neve_meta_enable_content_width":"","neve_meta_content_width":0,"neve_meta_title_alignment":"","neve_meta_author_avatar":"","neve_post_elements_order":"","neve_meta_disable_header":"","neve_meta_disable_footer":"","neve_meta_disable_title":"","footnotes":""},"class_list":["post-2","page","type-page","status-publish","hentry"],"_links":{"self":[{"href":"https:\/\/lencordee.fr\/index.php?rest_route=\/wp\/v2\/pages\/2","targetHints":{"allow":["GET"]}}],"collection":[{"href":"https:\/\/lencordee.fr\/index.php?rest_route=\/wp\/v2\/pages"}],"about":[{"href":"https:\/\/lencordee.fr\/index.php?rest_route=\/wp\/v2\/types\/page"}],"author":[{"embeddable":true,"href":"https:\/\/lencordee.fr\/index.php?rest_route=\/wp\/v2\/users\/1"}],"replies":[{"embeddable":true,"href":"https:\/\/lencordee.fr\/index.php?rest_route=%2Fwp%2Fv2%2Fcomments&post=2"}],"version-history":[{"count":24,"href":"https:\/\/lencordee.fr\/index.php?rest_route=\/wp\/v2\/pages\/2\/revisions"}],"predecessor-version":[{"id":718,"href":"https:\/\/lencordee.fr\/index.php?rest_route=\/wp\/v2\/pages\/2\/revisions\/718"}],"wp:attachment":[{"href":"https:\/\/lencordee.fr\/index.php?rest_route=%2Fwp%2Fv2%2Fmedia&parent=2"}],"curies":[{"name":"wp","href":"https:\/\/api.w.org\/{rel}","templated":true}]}}