{"id":157,"date":"2022-11-08T15:22:50","date_gmt":"2022-11-08T14:22:50","guid":{"rendered":"http:\/\/lencordee.fr\/?page_id=157"},"modified":"2024-04-18T11:56:09","modified_gmt":"2024-04-18T09:56:09","slug":"soline-2","status":"publish","type":"page","link":"https:\/\/lencordee.fr\/?page_id=157","title":{"rendered":"Soline"},"content":{"rendered":"\n<p><\/p>\n\n\n\n<div class=\"wp-block-cover aligncenter is-light has-custom-content-position is-position-bottom-right\"><span aria-hidden=\"true\" class=\"wp-block-cover__background has-background-dim-0 has-background-dim\" style=\"background-color:#a7a8b3\"><\/span><img loading=\"lazy\" decoding=\"async\" width=\"1620\" height=\"1080\" class=\"wp-block-cover__image-background wp-image-476\" alt=\"\" src=\"https:\/\/lencordee.fr\/wp-content\/uploads\/2024\/04\/FB_IMG_1657784816132-copie-rotated.jpg\" style=\"object-position:70% 46%\" data-object-fit=\"cover\" data-object-position=\"70% 46%\" srcset=\"https:\/\/lencordee.fr\/wp-content\/uploads\/2024\/04\/FB_IMG_1657784816132-copie-rotated.jpg 1620w, https:\/\/lencordee.fr\/wp-content\/uploads\/2024\/04\/FB_IMG_1657784816132-copie-300x200.jpg 300w, https:\/\/lencordee.fr\/wp-content\/uploads\/2024\/04\/FB_IMG_1657784816132-copie-1024x683.jpg 1024w, https:\/\/lencordee.fr\/wp-content\/uploads\/2024\/04\/FB_IMG_1657784816132-copie-768x512.jpg 768w, https:\/\/lencordee.fr\/wp-content\/uploads\/2024\/04\/FB_IMG_1657784816132-copie-1536x1024.jpg 1536w, https:\/\/lencordee.fr\/wp-content\/uploads\/2024\/04\/FB_IMG_1657784816132-copie-930x620.jpg 930w\" sizes=\"auto, (max-width: 1620px) 100vw, 1620px\" \/><div class=\"wp-block-cover__inner-container is-layout-flow wp-block-cover-is-layout-flow\">\n<h1 class=\"wp-block-heading has-text-align-center has-nv-site-bg-color has-text-color\" style=\"font-size:89px\">     <strong>SOLINE<\/strong><\/h1>\n<\/div><\/div>\n\n\n\n<p><\/p>\n\n\n\n<div class=\"wp-block-columns is-layout-flex wp-container-core-columns-is-layout-9d6595d7 wp-block-columns-is-layout-flex\">\n<div class=\"wp-block-column is-layout-flow wp-block-column-is-layout-flow\" style=\"flex-basis:66.66%\">\n<p><em>Conversation verticale d\u2019une clowne et d\u2019une corde<\/em><\/p>\n\n\n\n<p style=\"font-size:17px\">Soline, c\u2019est la corde, Corine, c\u2019est la clowne. Soline et Corine sont amies, elles s\u2019aiment beaucoup. Elles se sont rencontr\u00e9es quand elles \u00e9taient petites. Elles ont grandi ensemble. Et \u00e0 force d\u2019\u00eatre ensemble, elles ont fini par rester enfants. Elles connaissent tout l\u2019une de l\u2019autre mais ignorent comment fonctionne le monde qui les entoure. R\u00eaveuses et amoureuses, elles inventent et se complaisent dans un univers qui les rassure. Seulement, cette douce utopie a ses limites et les regrets de la r\u00e9alit\u00e9 de cette vie enferm\u00e9e risquent \u00e0 tout moment de les submerger et d\u2019ainsi faire vaciller l\u2019\u00e9quilibre vuln\u00e9rable de leur amiti\u00e9.<\/p>\n\n\n\n<p style=\"font-size:17px\">Ode \u00e0 la magie des instants simples, \u00e0 la cr\u00e9ativit\u00e9 et aux passions d\u00e9vorantes,<br>\u00ab Soline \u00bb place dans l\u2019univers tr\u00e8s quotidien d\u2019une pi\u00e8ce \u00e0 vivre, deux personnages plus que singuliers. En effet, l\u2019un, Soline, est une corde lisse, l\u2019autre, Corine, est amie, avec une corde lisse. C\u2019est une douce folie qui habite ce second personnage. Jeune femme amoureuse de l\u2019amour, enthousiaste et r\u00eaveuse \u00e0 temps plein, elle choisit de vivre dans un monde imaginaire dont le terreau serait la po\u00e9sie et le jeu.<\/p>\n\n\n\n<p style=\"font-size:17px\">Ce spectacle, bien qu\u2019il place la corde lisse au centre de la piste, que ce soit en tant que partenaire ou en tant que technique circassienne, int\u00e8gre \u00e9galement du mouvement dans\u00e9, du clown et de la musique live. Tendre, g\u00e9n\u00e9reux et malicieux, ce spectacle petit format s\u2019adapte \u00e0 tous les publics d\u00e9s 5 ans.<\/p>\n<\/div>\n\n\n\n<div class=\"wp-block-column is-layout-flow wp-block-column-is-layout-flow\" style=\"flex-basis:33.33%\">\n<p class=\"has-text-align-center\" style=\"font-size:18px\"><strong>De et par<\/strong> : Tha\u00efs Barathieu<br><br><strong>Soutiens : <\/strong>DRAC PACA \u00ab\u00a0\u00e9t\u00e9 culturel\u00a0\u00bb \/ Piste d&rsquo;Azur \/<br><br>Spectacle tout public \u00e0 partir de 7ans<br>Dur\u00e9e : 1h<\/p>\n\n\n\n<p><\/p>\n\n\n\n<p><\/p>\n\n\n\n<figure class=\"wp-block-embed is-type-video is-provider-youtube wp-block-embed-youtube wp-embed-aspect-16-9 wp-has-aspect-ratio\"><div class=\"wp-block-embed__wrapper\">\n<div class=\"nv-iframe-embed\"><iframe loading=\"lazy\" title=\"Les Oiseaux - Soline - Mardi Apr\u00e8s Midi\" width=\"1200\" height=\"675\" src=\"https:\/\/www.youtube.com\/embed\/dJOfPIqNOJ8?feature=oembed\" frameborder=\"0\" allow=\"accelerometer; autoplay; clipboard-write; encrypted-media; gyroscope; picture-in-picture; web-share\" referrerpolicy=\"strict-origin-when-cross-origin\" allowfullscreen><\/iframe><\/div>\n<\/div><\/figure>\n<\/div>\n<\/div>\n","protected":false},"excerpt":{"rendered":"<p>Conversation verticale d\u2019une clowne et d\u2019une corde Soline, c\u2019est la corde, Corine, c\u2019est la clowne. Soline et Corine sont amies, elles s\u2019aiment beaucoup. Elles se sont rencontr\u00e9es quand elles \u00e9taient petites. Elles ont grandi ensemble. Et \u00e0 force d\u2019\u00eatre ensemble, elles ont fini par rester enfants. Elles connaissent tout l\u2019une de l\u2019autre mais ignorent comment&hellip;&nbsp;<a href=\"https:\/\/lencordee.fr\/?page_id=157\" rel=\"bookmark\">Lire la suite &raquo;<span class=\"screen-reader-text\">Soline<\/span><\/a><\/p>\n","protected":false},"author":1,"featured_media":0,"parent":0,"menu_order":0,"comment_status":"closed","ping_status":"closed","template":"","meta":{"neve_meta_sidebar":"","neve_meta_container":"","neve_meta_enable_content_width":"","neve_meta_content_width":0,"neve_meta_title_alignment":"","neve_meta_author_avatar":"","neve_post_elements_order":"","neve_meta_disable_header":"","neve_meta_disable_footer":"","neve_meta_disable_title":"","footnotes":""},"class_list":["post-157","page","type-page","status-publish","hentry"],"_links":{"self":[{"href":"https:\/\/lencordee.fr\/index.php?rest_route=\/wp\/v2\/pages\/157","targetHints":{"allow":["GET"]}}],"collection":[{"href":"https:\/\/lencordee.fr\/index.php?rest_route=\/wp\/v2\/pages"}],"about":[{"href":"https:\/\/lencordee.fr\/index.php?rest_route=\/wp\/v2\/types\/page"}],"author":[{"embeddable":true,"href":"https:\/\/lencordee.fr\/index.php?rest_route=\/wp\/v2\/users\/1"}],"replies":[{"embeddable":true,"href":"https:\/\/lencordee.fr\/index.php?rest_route=%2Fwp%2Fv2%2Fcomments&post=157"}],"version-history":[{"count":13,"href":"https:\/\/lencordee.fr\/index.php?rest_route=\/wp\/v2\/pages\/157\/revisions"}],"predecessor-version":[{"id":486,"href":"https:\/\/lencordee.fr\/index.php?rest_route=\/wp\/v2\/pages\/157\/revisions\/486"}],"wp:attachment":[{"href":"https:\/\/lencordee.fr\/index.php?rest_route=%2Fwp%2Fv2%2Fmedia&parent=157"}],"curies":[{"name":"wp","href":"https:\/\/api.w.org\/{rel}","templated":true}]}}